) = 28*y - 1525. Give j(48).
-181
Let d(c) = -13*c**2 - 126*c - 44. Calculate d(-10).
-84
Let s(v) = 2*v - 102. Determine s(68).
34
Let l(w) = 2*w**2 + 1712*w + 1709. What is l(-1)?
-1
Let q(g) = 4*g**3 + 2*g**2 - 22*g + 3. Determine q(4).
203
Let t(g) = -g**3 - 24*g**2 + 3*g - 4. Give t(-24).
-76
Let j(n) = -n**3 - 54*n**2 - 52*n + 53. Give j(-53).
0
Let q(d) = -d**3 - 2*d**2 - 48*d + 105. Determine q(2).
-7
Let t(j) = 2093*j - 16746. Give t(8).
-2
Let m(n) = -2*n**2 + 8. Determine m(2).
0
Let z(j) = 5*j**2 - 211*j - 1412. Give z(-6).
34
Let m(w) = 3*w**2 - 139*w - 3717. Give m(-19).
7
Let v(y) = -812*y + 8044. Give v(10).
-76
Let b(j) = j**3 + 8*j**2 - 240*j - 1542. What is b(-6)?
-30
Let b(j) = -210*j**2 + 843*j - 17. Give b(4).
-5
Let v(g) = -2*g**3 - 2*g**2 - 2*g + 36. What is v(0)?
36
Let s(p) = -2*p - 77. Determine s(-37).
-3
Let o(i) = -i**3 - 7*i**2 - 40*i - 215. What is o(-6)?
-11
Let y(j) = -j**3 + 46*j**2 + 121*j - 1168. Calculate y(48).
32
Let k(i) = 116*i - 700. Calculate k(6).
-4
Let z(u) = 2*u**3 + 32*u**2 + 14*u + 28. Calculate z(-9).
1036
Let m(n) = -n**3 + 7*n**2 - 5*n - 2. Calculate m(2).
8
Let x(n) = -16*n**3 + n**2 + 13*n + 12. What is x(-1)?
16
Let j(f) = 163*f + 769. What is j(-4)?
117
Let b(f) = -f**3 + 223*f**2 - 221*f - 315. Give b(222).
-93
Let q(j) = -5*j**3 - 27*j**2 + 24*j + 126. Determine q(-5).
-44
Let w(s) = s**3 - 15*s**2 - 109*s + 174. Calculate w(20).
-6
Let x(m) = -2*m**2 + 527*m + 47. Give x(0).
47
Let b(d) = -2*d**2 - 28*d - 129. Give b(-15).
-159
Let i(n) = -n**2 - 156*n - 955. Calculate i(-6).
-55
Let r(k) = -512*k - 442. Give r(-1).
70
Let p(t) = 341*t + 18069. Determine p(-53).
-4
Let p(q) = 2*q**3 - 18*q**2 - 6*q + 30. Calculate p(9).
-24
Let b(l) = 2*l**2 - 28*l - 66. What is b(-3)?
36
Let d(h) = -h**3 + 30*h**2 + 404*h - 196. What is d(40)?
-36
Let t(g) = -g**3 + 32*g**2 - 8*g - 646. Determine t(31).
67
Let d(s) = s**2 + 73*s + 1258. Give d(-28).
-2
Let d(z) = 61*z**2 - 5856*z + 3. What is d(96)?
3
Let w(v) = v**3 + 15*v**2 - 93*v - 1404. Determine w(-15).
-9
Let b(v) = -14*v**2 + 300*v + 1683. What is b(26)?
19
Let p(z) = -105*z - 7657. Give p(-73).
8
Let l(j) = 1311*j - 9171. What is l(7)?
6
Let z(w) = 2*w**2 - 78*w - 83. Give z(40).
-3
Let w(x) = -13*x**3 - 7*x**2 + 4*x + 5. Give w(-3).
281
Let j(y) = -y**3 - 80*y**2 - 146*y + 799. What is j(-78)?
19
Let i(l) = 2*l - 13. What is i(14)?
15
Let p(m) = 256*m + 20483. Give p(-80).
3
Let t(v) = 81*v + 735. Give t(-9).
6
Let o(l) = l**2 + 35*l + 5. Determine o(-7).
-191
Let d(x) = -x**2 + 21*x - 24. Give d(18).
30
Let j(h) = 3*h**3 - 19*h**2 + 49*h - 145. What is j(5)?
0
Let m(z) = -78*z + 317. Give m(4).
5
Let j(l) = -2*l**3 + 43*l**2 + 15*l + 161. Determine j(22).
7
Let h(o) = o**3 + 14*o**2 + 54*o + 555. Calculate h(-13).
22
Let x(m) = 34*m**3 + 5*m**2 + 6*m - 2. What is x(-2)?
-266
Let u(v) = -8387*v + 176132. Determine u(21).
5
Let v(w) = w**3 - 9*w**2 + 59*w - 175. Determine v(5).
20
Let s(o) = -43*o - 182. Calculate s(-4).
-10
Let x(m) = m**3 - 59*m**2 + 70*m - 744. What is x(58)?
-48
Let x(n) = n**3 + 13*n**2 + 12*n - 26. Determine x(-11).
84
Let y(v) = 71*v**2 - 12141*v - 8. Determine y(171).
-8
Let v(l) = l**3 + 151*l**2 + 726*l - 574. Give v(-146).
10
Let r(p) = p**2 + 60*p + 815. Give r(-41).
36
Let c(u) = -14*u + 515. Calculate c(36).
11
Let k(f) = 2509*f + 132973. Give k(-53).
-4
Let t(q) = -q**3 + 5*q**2 - 1255*q + 5007. Give t(4).
3
Let q(w) = 15*w - 200. Determine q(13).
-5
Let v(q) = 89*q**2 + 4*q + 5. Calculate v(-1).
90
Let a(b) = 181*b + 32569. What is a(-180)?
-11
Let m(g) = -g**2 - 96*g - 255. What is m(-93)?
24
Let p(d) = -4*d**2 + 98. What is p(5)?
-2
Let g(v) = -v**3 + 74*v**2 + 312*v + 3. Determine g(-4).
3
Let h(u) = -u**3 + 7*u**2 - 12. Calculate h(0).
-12
Let m(x) = -x**2 - 12*x + 447. What is m(20)?
-193
Let u(q) = q**2 - 29*q + 211. What is u(20)?
31
Let m(i) = -289*i + 2. Give m(-1).
291
Let p(r) = -r**3 + 72*r**2 + 556*r - 247. Give p(79).
-10
Let r(p) = -2*p**3 + 111*p**2 - 1519*p - 152. Determine r(25).
-2
Let h(m) = -m**3 + 27*m**2 - 53*m + 114. Give h(25).
39
Let i(p) = 94*p**2 - 562*p - 21. Give i(6).
-9
Let s(y) = -y**2 + 18*y + 258. Determine s(25).
83
Let x(p) = 93*p - 525. Determine x(5).
-60
Let q(c) = c**2 - 544*c - 6633. Determine q(-12).
39
Let m(g) = 148*g - 476. Give m(6).
412
Let q(s) = 473*s + 7093. What is q(-15)?
-2
Let d(x) = x**2 + 1285*x - 55745. Determine d(42).
-11
Let c(f) = -30*f**2 - 2*f + 4. What is c(0)?
4
Let t(c) = -31*c**2 + 2*c + 17. Determine t(1).
-12
Let d(b) = -2*b**3 - 93*b**2 - 45*b - 3. Give d(-46).
-49
Let k(g) = -2*g**3 - 17*g**2 - g - 24. What is k(-9)?
66
Let g(x) = 2*x**3 - 101*x**2 - 33*x - 920. Determine g(51).
-2
Let o(d) = d**3 - 7*d**2 - 5*d - 146. Give o(9).
-29
Let i(o) = 2*o**3 + 153*o**2 - 72*o + 385. What is i(-77)?
0
Let h(i) = -27*i - 4290. Give h(-160).
30
Let s(o) = o**2 + 84*o + 1742. Calculate s(-36).
14
Let a(v) = -6*v**3 + 4*v**2 - 7*v + 11. What is a(3)?
-136
Let f(m) = m**3 + 136*m**2 + 253*m - 2043. What is f(-134)?
-33
Let b(f) = f**2 - 13*f - 3987. What is b(70)?
3
Let r(x) = 101*x - 1535. Give r(16).
81
Let h(o) = 882*o + 883. Give h(-1).
1
Let w(y) = -266*y + 1323. Give w(5).
-7
Let b(g) = 9*g**2 + 26*g - 142. Give b(3).
17
Let l(i) = 3*i**3 + 33*i**2 - 6*i + 26. Determine l(-10).
386
Let r(b) = -2*b**3 - 45*b**2 - 27*b - 96. Give r(-22).
14
Let y(u) = 2*u**3 - 16*u**2 - 8*u + 21. Give y(8).
-43
Let r(m) = -m**3 + 2*m**2 - 7*m - 65. What is r(0)?
-65
Let k(b) = -20*b**2 - 7*b + 172. Give k(7).
-857
Let g(j) = -j**3 - 5*j**2 + 344*j + 1039. Calculate g(-3).
-11
Let w(i) = 2*i**2 - 356*i - 13917. Give w(211).
9
Let p(s) = -54*s - 86. Calculate p(-7).
292
Let y(n) = 857*n + 2584. Determine y(-3).
13
Let k(h) = 68*h + 3586. Give k(-52).
50
Let i(z) = 21*z**2 - 10*z. Give i(4).
296
Let d(w) = 3*w**2 + 225*w - 2013. Give d(8).
-21
Let k(m) = m**3 - 12*m + 128. What is k(6)?
272
Let g(h) = -62*h**2 - 254*h - 33. Determine g(-4).
-9
Let g(d) = -d**2 - 37*d + 58. Calculate g(-38).
20
Let w(h) = 2249*h - 89956. Determine w(40).
4
Let r(s) = 11*s**2 - 126*s + 127. What is r(1)?
12
Let l(m) = -24*m**2 - 209*m + 213. What is l(1)?
-20
Let p(u) = -u**3 - u**2 + 36*u - 176. Calculate p(0).
-176
Let z(h) = 16*h - 64. Calculate z(5).
16
Let q(s) = -39*s + 132. Calculate q(6).
-102
Let a(y) = -19*y + 1126. Calculate a(62).
-52
Let u(h) = -225*h**2 - 21*h - 21. Determine u(-1).
-225
Let w(x) = x**3 - 53*x**2 - 107*x - 113. Give w(55).
52
Let r(m) = 34*m - 524. Calculate r(14).
-48
Let c(a) = a**2 - 75*a + 789. Give c(64).
85
Let h(u) = -u**3 - 31*u**2 - 195*u + 53. Calculate h(-22).
-13
Let z(t) = -110*t + 94. What is z(1)?
-16
Let k(m) = 8*m**2 - 51*m + 329. What is k(10)?
619
Let i(b) = -170*b**2 + 4927*b + 97. Determine i(29).
10
Let t(y) = -2*y**2 + 69*y + 11. Give t(34).
45
Let m(t) = 2*t**3 + 18*t**2 + 6*t - 3. Determine m(-8).
77
Let t(f) = -2*f**3 + 2*f**2 + 6*f + 2. What is t(3)?
-16
Let x(v) = 8*v**2 - v - 100. Determine x(-7).
299
Let i(l) = 32*l - 137. What is i(5)?
23
Let r(s) = 2*s**3 + 73*s**2 - 368*s + 41. Calculate r(-41).
0
Let c(v) = -3*v**3 - 35*v**2 - 15*v + 37. Determine c(-11).
-40
Let p(b) = 770*b - 16165. What is p(21)?
5
Let x(i) = -904*i + 3604. Give x(4).
-12
Let r(c) = 15*c + 391. Determine r(11).
556
Let b(g) = 125*g**2 + 68*g - 70. Determine b(1).
123
Let f(b) = -60*b**2 - 1379*b + 6. What is f(-23)?
-17
Let i(s) = 6*s**3 + 3*s**2 + s. Determine i(2).
62
Let f(h) = h**3 - 27*h**2 + 48*h + 25. What is f(25)?
-25
Let o(s) = 134*s**2 + 1208*s - 22. What is o(-9)?
-40
Let i(z) = z**3 + 21*z**2 - z - 37. Determine i(-21).
-16
Let b(w) = -15*w - 759. Determine b(-52).
21
Let s(y) = 42*y**2 - 82*y. Give s(2).
4
Let j(t) = -t**3 - 22*t**2 + 94*t + 1524. Determine j(-23).
-109
Let v(s) = -s**3 + 7*s**2 + 3*s - 30. What is v(10)?
-300
Let t(a) = -a**3 + 42*a**2 + 231*a + 154. What is t(47)?
-34
Let s(j) = 3*j**3 - 37*j**2 + 100*j - 27. Determine s(7).
-111
Let q(h) = -109*h - 3068. What is q(-27)?
-125
Let b(s) = -2627*s - 36847. Calculate b(-14).
-69
Let b(p) = p**3 - 16*p**2 + 69*p - 14. What is b(12)?
238
Let g(m) = -750*m + 19494. Calculate g(26).
-6
Let b(d) = d**3 - 401*d - 14. Calculate b(-20).
6
Let z(k) = k**2 - 5*k + 42. Determine 